 13*n**2 + 3. Let j(r) be the second derivative of u(r). What is j(8)?
-5
Let v(w) = 3*w**2 - 57*w - 48. Let a(y) = 7*y**2 - 137*y - 97. Let k(h) = 2*a(h) - 5*v(h). Determine k(14).
4
Let y(w) be the first derivative of w**3 + 13*w**2 - 17*w + 1339. Determine y(-9).
-8
Let y(m) = -8*m**3 - m. Let u(d) = -2*d**2 - 3*d - 4. Let b be u(-1). Let l = b - 2. Let p = 4 + l. Determine y(p).
9
Suppose -86*p + 182*p = 0. Let g(y) = 55*y - 6. Calculate g(p).
-6
Let o(h) = 6*h + 4. Let c(z) = 2*z**2 + 53*z - 28. Let s be c(-27). Let j be (-8 - 5/5)/(3/s). Let t(b) = 2. Let p(a) = j*o(a) - 6*t(a). Give p(-1).
-18
Let t(p) = 5*p - 1. Let m be -2*2/(-8)*4. Suppose 9*q - 6*q = 5*h + 5, 4*q - h = 1. Suppose -d - m*a - 5 = q, -d + 14 = d - 4*a. Determine t(d).
4
Let q(y) be the first derivative of 45*y**2/2 - 278*y + 1613. Calculate q(6).
-8
Let r(p) = p + 5. Let j(s) = -s + 12. Let z be j(9). Suppose 2 = -4*a + 14. Let t = a - z. Determine r(t).
5
Let y(q) = q**2 + 12*q - 47. Let u be -23 - -32*(2 + (-56)/32). Calculate y(u).
-2
Let v(u) = 13*u - 6. Let p(k) = -3*k + 1. Let c(s) = s - 5. Let x be c(6). Let a(w) = x*v(w) + 4*p(w). Determine a(2).
0
Let i(o) be the second derivative of -o**6/120 - 2*o**5/15 - 7*o**4/24 - 4*o**3/3 + 65*o**2/2 + 24*o. Let d(y) be the first derivative of i(y). Determine d(-7).
-8
Let m(u) = -u**3 + 5*u**2 - 44*u + 79. Let t be m(2). Let v(l) be the first derivative of -9 - 1/3*l**t + l**2 - 2*l. Give v(-3).
-17
Let f(j) = -j**3 + j**2 + 35*j - 29. Let c = -9773 + 9779. Give f(c).
1
Let t(i) = -2*i**3 - 4*i**2 - 2*i. Let a be t(-2). Let w be 79 - (-8)/(10/(-5)). Let n(y) = -y**2 + 2*y + w - 147 + 75. Calculate n(a).
-5
Let c(b) be the third derivative of b**5/60 + 7*b**4/12 + 2*b**3/3 + 1944*b**2 + b. Determine c(-6).
-44
Suppose -k - 2*n + 10 = 0, 5*n + 5 = -3*k + 6*n. Let v be -2 + -1 + 2 - -3. Let o(c) = -5*c**2 + c**v - 1 + 5*c**2 - 2. Give o(k).
-3
Let n(h) = h**3 - 6*h**2 + h - 6. Let k be n(6). Let p(g) = -41*g**2 - 2*g - 3. Let w(z) = 21*z**2 + z - 2. Let t(c) = p(c) + 2*w(c). Calculate t(k).
-7
Suppose 115 = 67*x - 354. Let q = 2 - -6. Let s(n) = 8*n**2 - n - 2 + 3*n - q*n - n**3. What is s(x)?
5
Let n be 481/37 + 3*-3. Let g(i) = i**2. Let a(p) = 2*p**2 - 1. Let f(b) = -2*a(b) + 5*g(b). Give f(n).
18
Let w = 13788 + -13785. Let u(a) = 3 - a**2 + 5*a - 1 - 3. What is u(w)?
5
Let v(d) = -2*d - 3. Let p(k) = k**2 - 44*k + 157. Let f be p(4). Give v(f).
3
Suppose 17*q - 28 = 13*q. Let l(i) = -q*i + 1 + 5*i - 2*i + 0*i. Give l(-1).
5
Let o(g) = -13*g - 163. Let y(b) = b**3 - 105*b**2 - 317*b + 11. Let j be y(-3). Give o(j).
-33
Let i(f) = -f - 107. Let s(a) = 3*a - 108. Let k(q) = -3*i(q) + 2*s(q). Calculate k(-11).
6
Let t be ((-10)/6)/((-370)/1332). Let m(w) = w**2 + 22*w - 164. Determine m(t).
4
Suppose -575*u - 96 = -279*u - 280*u. Let m(r) be the third derivative of 0*r + 1/24*r**4 - r**2 + 0 - 7/6*r**3. What is m(u)?
-13
Let x(g) = 10*g + 1. Let f be 9 + -2 + 0 + 561/(-51) - 1. Determine x(f).
-49
Let l(u) = 21*u - u**2 + 8*u - 6 + 13*u - 35*u. Suppose -5 = -p - 0. Give l(p).
4
Let w(n) be the second derivative of -n**4/12 + 7*n**3/3 - 4*n**2 + 460*n + 1. Determine w(6).
40
Let r be (-54)/(-14) - (-76)/532. Let m(j) be the first derivative of 2*j**3/3 - 2*j**2 + 3*j + 74. Calculate m(r).
19
Let y = 19 + -12. Let u(o) = -149*o**2 + 26*o - 562. Let k(i) = -16*i**2 + 3*i - 60. Let m(b) = -28*k(b) + 3*u(b). Calculate m(y).
1
Let m(q) = 211*q**3 + 209*q**3 - 421*q**3 - 2*q + 4 + 4*q**2 + 9*q. Calculate m(6).
-26
Let y(z) = z**2 - 11*z + 6. Let w(g) = -47*g + 20*g - 4 + 19*g. Let d be w(2). Let x = 30 + d. Give y(x).
-4
Let z(q) be the second derivative of q**5/20 - 3*q**4/2 + 65*q**3/6 - 5*q**2/2 + 15*q + 31. Determine z(13).
-5
Let w(q) be the first derivative of 23*q**2 + 283*q + 888. What is w(-6)?
7
Let n(x) = x**3 + 10*x**2 + 9*x - 5. Let l = -7 - -12. Suppose 4*y = d + 10, l*d - 3*y + 110 = 2*y. Let c = 17 + d. Determine n(c).
-5
Let z(c) = -c**3 - 6*c**2 - 2*c - 7. Let m = 301 - 307. Give z(m).
5
Suppose -5*x + 2*l = -11, -5*l - 16 = 15*x - 16*x. Let q(r) = 5*r**2 - 2*r + 2. Calculate q(x).
5
Let o(w) = -22*w**2 + 2. Let c be o(1). Let y be c/(-30) + (-17)/3. Let v = 2 + y. Let s(z) = -z**3 - 5*z**2 + 2*z + 4. Give s(v).
-20
Suppose -3 = -4*k - 3*n, -5*k + 0*n + 1 = n. Suppose k = -18*x - 50 + 158. Let o(p) = p**3 - 6*p**2 - 7. Determine o(x).
-7
Let v(d) = 30*d + 213. Let q be v(-7). Let g(a) = 6*a**2 + 3*a**2 - 4*a**2 + a - 3*a**3 + 2*a**q - 4*a**2 - 5. Let r = 0 + 0. What is g(r)?
-5
Suppose -8*u = -u + 3*u. Suppose 0 = 4*v, -z - v + 0*v + 1 = u. Let a(h) = 13*h**3 - h + 1. What is a(z)?
13
Let p(c) = 4*c**2 + 0 - 3*c**2 + c + 2. Suppose -d - 2*q = -45, 3*q - 40 - 8 = -d. Suppose -m - d*h = -37*h + 1, 2*m - 3*h = -9. Determine p(m).
8
Let z(h) be the second derivative of h**5/60 - h**4/3 - h**3/3 + 5*h**2 - 2*h. Let g(l) be the first derivative of z(l). Suppose -5*b + 20 = -0*b. What is g(b)?
-18
Let r(z) = -184*z + 12. Let y(j) = 136*j - 9. Let q(t) = 8*r(t) + 11*y(t). Calculate q(-3).
-75
Let y(o) = -17*o + 3. Let x(b) = b**2 - b + 1. Let w(s) = x(s) + y(s). Give w(10).
-76
Let u(w) be the third derivative of w**4/24 + 5*w**3/6 - 19*w**2. Suppose 5*t + 176 - 44 = 2*p, 3*p - 193 = 5*t. Let k = -68 + p. Calculate u(k).
-2
Let g(a) = a**2 + 4*a + 8. Let h = 397 + -393. Let d(u) = -u**2 - 5*u - 8. Let i(w) = h*g(w) + 5*d(w). Suppose 0 = -0*f + 3*f + 21. Give i(f).
6
Suppose t = 0, 12 = 2*u + 2*u + 2*t. Let x(l) = -l**2 - 10 - 11*l - 2 + u. Let k be 5 + -21 - (-1 - 8 - -4). Determine x(k).
-9
Let v(i) = 2*i + 3. Let c(r) = r**2 + 2*r + 3. Let y be c(-1). Let k be ((1 - 1)/2)/((-4)/y). Let m be (-1*3 + k)*(-20)/12. What is v(m)?
13
Let o(m) = 3*m + 2. Let w(v) = -21 - 18 + 59 - 25 - 5*v. Let g be (-5 - -1)/(2 - 1). Let y(d) = g*w(d) - 7*o(d). Determine y(7).
-1
Let k(i) = 9*i + 3. Let l(j) = 5*j. Let b(c) = k(c) - 3*l(c). Suppose 13 = q + 6. Suppose q + 3 = 5*u. Give b(u).
-9
Suppose -2*f - f + 19 = -p, 20 = -5*p. Suppose f*i = 7*i - 4. Suppose i*y = -3*y - 3*r - 20, -5*r - 10 = 5*y. Let b(t) = -t - 4. Calculate b(y).
3
Let h(z) = z**2 - 11*z + 2. Let v be h(11). Let f(k) = 8*k**2 + k**v - k**3 - 5*k + 6 + 0*k + 4*k. Let s be (-9)/21 - 17/(119/(-66)). Give f(s).
-3
Let a(z) = z**3 - 5*z**2 + z + 1. Suppose 2*w + 5*g = -40, 18 = -5*w + 4*w - 2*g. Let k be ((-208)/w)/4 + (-2)/10. What is a(k)?
6
Let k(z) = z**3 + 5*z**2 + 2*z. Let i(j) = -7 + 48*j + 9 + 4*j**2 - 6. Let y be i(-12). What is k(y)?
8
Let g(h) = 3*h - 1. Let u(j) be the third derivative of j**6/120 + j**5/30 - j**4/6 + 2*j**2 + 8. Let s be u(-3). Calculate g(s).
8
Suppose -i = 4*d - 19 - 51, 5*d - 75 = 5*i. Let y(f) = -f**3 + 18*f**2 - 19*f + 33. Determine y(d).
-1
Let f(n) be the first derivative of -n**3/3 + 5*n**2/2 + 6*n + 1. Suppose 9*k = 4*o + 66, 1474 - 1450 = 4*o. What is f(k)?
-44
Let q(j) = -j**3 + j - 2. Suppose 36 = -n + 13*n. Suppose 6*x + 5*z = 3*x + 6, -6 = -3*x - n*z. What is q(x)?
-8
Suppose 0 = 29*k - 30*k. Let g(j) be the first derivative of 4*j - 1/4*j**4 + 1/3*j**3 + 0*j**2 + 12. Calculate g(k).
4
Let u(b) = b**3 - 11. Let r = -73 + 78. Suppose -r*h + 26 = 16. Suppose -3*k = h*k + 20, -k - 4 = -o. Give u(o).
-11
Let f(x) = -65*x - 31. Let d(m) = -23*m - 10. Let y(o) = -17*d(o) + 6*f(o). Let w = 17 + -7. What is y(w)?
-6
Let y(p) = 2*p + 1 - p + p**3 - 2*p. Let g(i) = i - 6. Let o be g(3). Let k be (-2)/(8/o) + (-77)/28. Determine y(k).
-5
Let w(l) be the third derivative of 23*l - 1/120*l**6 - l**2 + 0 - 3/20*l**5 + 1/3*l**3 - 1/3*l**4. What is w(-8)?
2
Let m(f) be the first derivative of -9*f + 1/2*f**2 + 69. Calculate m(4).
-5
Let d = 5501 - 5501. Let r(n) = 3*n**2 - 3*n**2 - n**2 - 3*n - 18 + 2*n. Determine r(d).
-18
Suppose -5*m + 14 = -d - 17, -26 = -4*m + 2*d. Let c(j) = j**3 - 5*j**2 - 5*j - 10. Give c(m).
-4
Let r(n) = 3 + 4*n - 6 - 22 + 7. Determine r(7).
10
Let r(n) = 43*n + 26*n**2 + n**3 - 186 + 248 - 17*n - 2*n**2. Calculate r(-23).
-7
Let y(u) = 5*u - 139. Let s(p) = -p**2 + 289*p + 1497. Let b be s(-5). Calculate y(b).
-4
Let o(i) be the third derivative of -i**6/60 + 2*i**5/15 - 13*i**4/24 + 5*i**3/6 + 649*i**2. Calculate o(2).
-5
Let y(f) be the first derivative of f**6/120 + f**5/15 - f**4/24 - 7*f**3/6 + 53*f**2 + 1